ase 4.
10311022301
-23c32e (base 15) to base 4
-12201323210
144102431 (base 5) to base 7
6352215
What is 251084 (base 12) in base 5?
123300142
What is -206686 (base 12) in base 15?
-a0c33
3061046 (base 7) to base 13
cb4bc
-11800 (base 11) to base 14
-6260
Convert -5c7f (base 16) to base 11.
-16877
Convert -110422301 (base 5) to base 6.
-14203150
Convert 2949794 (base 11) to base 6.
300312442
113233303 (base 4) to base 12
48357
Convert 110020200022021 (base 3) to base 5.
3131234420
-4a144 (base 14) to base 2
-101100010001110000
-100022010220 (base 3) to base 6
-3531340
Convert 520045 (base 6) to base 2.
1010001000011101
Convert 211532115 (base 7) to base 9.
25566803
2d26f2 (base 16) to base 12
ba852a
What is 2021112112201 (base 3) in base 14?
2375d0
221046040 (base 7) to base 13
29ab5b7
-231111013 (base 5) to base 6
-34104141
What is 11a941 (base 16) in base 8?
4324501
What is -1b498 (base 13) in base 3?
-2201102120
What is 1011111101001001001001 (base 2) in base 10?
3134025
What is 2204414240 (base 5) in base 16?
48b02f
Convert -2051 (base 10) to base 9.
-2728
What is -1340124321 (base 5) in base 3?
-20110220011120
What is -831080 (base 9) in base 10?
-492876
Convert -94614a (base 14) to base 9.
-10376472
What is 34b4d5 (base 15) in base 12?
a15802
-110000101000001010011011 (base 2) to base 7
-213231326
What is b0892b (base 12) in base 16?
29ff33
What is 1012020310 (base 4) in base 16?
46234
What is -4c1461 (base 13) in base 15?
-262721
What is -258121 (base 16) in base 6?
-124403041
-163470 (base 9) to base 7
-600300
What is 11002121120121 (base 3) in base 6?
114355411
2b6a96a (base 12) to base 14
1266038
Convert -13a8534 (base 11) to base 5.
-1104144124
Convert -19224a (base 12) to base 13.
-124c21
Convert -342c5 (base 13) to base 6.
-2011402
Convert 11030110 (base 4) to base 2.
101001100010100
What is 11fdd (base 16) in base 14?
1cbdb
Convert -2a8b0 (base 13) to base 7.
-453643
-163621 (base 12) to base 2
-1011100100110111001
15222311 (base 7) to base 4
11202100211
-214152 (base 11) to base 5
-41422440
359ac4 (base 16) to base 12
1215004
-100002112102 (base 3) to base 11
-112532
What is 24092a (base 13) in base 5?
204432022
57ee1 (base 15) to base 16
4462f
What is -2314241333 (base 5) in base 16?
-4fc4c6
What is -17277c8 (base 14) in base 6?
-1044100124
Convert 240211021 (base 5) to base 8.
4145731
-1013430402 (base 5) to base 14
-3c6878
Convert -20331341 (base 5) to base 13.
-5b458
Convert 479a9 (base 15) to base 3.
102121011220
Convert -11731 (base 8) to base 10.
-5081
1103818 (base 10) to base 15
16c0cd
-91756 (base 11) to base 5
-13242013
-22a32 (base 16) to base 9
-235547
Convert -50153a5 (base 11) to base 5.
-4233121304
-611143 (base 7) to base 12
-4bbaa
-1010120210 (base 3) to base 16
-5718
Convert -2ab4d7 (base 14) to base 9.
-2722187
-314123 (base 7) to base 16
-d3f4
What is 11010111110111111 (base 2) in base 4?
122332333
What is -364250 (base 7) in base 4?
-100030130
Convert -350366 (base 10) to base 8.
-1254236
-104134104 (base 5) to base 12
-1a1512
What is 73888 (base 10) in base 6?
1330024
What is -1210223 (base 6) in base 13?
-22c38
-22120102211002 (base 3) to base 6
-241345432
Convert 10130011121 (base 4) to base 11.
725267
305083 (base 9) to base 13
6442b
Convert 3700810 (base 9) to base 16.
1ea503
Convert -2f931 (base 16) to base 12.
-94929
Convert -102cb (base 15) to base 5.
-3120031
What is 100310332300 (base 4) in base 8?
20647660
1445631 (base 13) to base 6
345554440
What is 6de52 (base 16) in base 13?
129b65
Convert -11020111102 (base 3) to base 8.
-243014
1b2bb (base 14) to base 13
2562a
Convert 7837643 (base 9) to base 16.
405bbe
What is -35130045 (base 7) in base 4?
-23300222211
-212131110103 (base 4) to base 3
-200222012021221
What is a37862 (base 11) in base 5?
411233121
What is 21001111201 (base 3) in base 2?
100001111010000000
Convert 781527 (base 9) to base 16.
7202e
What is -75b86 (base 15) in base 8?
-1332133
What is 11002102101222 (base 3) in base 4?
20102220011
What is -10571651 (base 8) in base 2?
-1000101111001110101001
12b050 (base 15) to base 4
3123030201
What is 4542295 (base 12) in base 10?
13274897
3962440 (base 10) to base 11
2267049
Convert -1177546 (base 10) to base 13.
-322c96
Convert 10034220443 (base 5) to base 15.
d3db18
2010012021011 (base 3) to base 15
173864
What is 10330012221 (base 4) in base 16?
13c1a9
Convert 1012110011121 (base 3) to base 8.
2337410
Convert 1550141 (base 7) to base 3.
101212020022
-1021303111 (base 4) to base 5
-34133133
What is -292c5 (base 14) in base 7?
-603435
What is -57549 (base 15) in base 3?
-112010021020
What is a2219 (base 15) in base 2?
1111101010111000010
What is 1221212222222 (base 3) in base 13?
2a5aaa
-13335297 (base 10) to base 3
-221002111120220
What is 20103331332 (base 4) in base 7?
24343413
What is a539e (base 15) in base 16?
7fead
What is 7862b4 (base 14) in base 5?
2021322420
1000132321 (base 4) to base 12
108a21
Convert 3242330201 (base 5) to base 2.
11010101011111011011100
52aa11 (base 11) to base 8
3172255
Convert 32b2a (base 14) to base 16.
1e032
Convert 3271a53 (base 12) to base 8.
44505637
Convert -453168 (base 9) to base 10.
-271331
-394c7 (base 15) to base 14
-4ab57
29a32 (base 15) to base 9
223632
74964 (base 12) to base 15
306e1
Convert 15776450 (base 10) to base 13.
3364ba1
Convert 34344142 (base 5) to base 16.
4b831
-130020312310 (base 4) to base 6
-422033324
What is -2351565 (base 8) in base 14?
-12a96d
What is -5b707 (base 14) in base 3?
-102100210002
Convert 5a0a (base 16) to base 10.
23050
Convert -1427750 (base 8) to base 9.
-677183
What is -156561 (base 10) in base 6?
-3204453
Convert 11000112022 (base 3) to base 16.
1350e
What is e55d (base 15) in base 12?
24067
Convert 26168 (base 9) to base 15.
535e
Convert -1110011201221 (base 3) to base 6.
-24305511
What is 4662026 (base 7) in base 5?
122232200
What is 103372 (base 8) in base 11?
23a63
What is 153567 (base 10) in base 8?
453737
What is 23200220233 (base 4) in base 6?
144400451
Convert 11131312033 (base 4) to base 16.
15dd8f
Convert -193c43 (base 14) to base 4.
-3122110003
Convert -8681105 (base 9) to base 8.
-21613665
What is -163214263 (base 7) in base 6?
-1033500504
137645 (base 9) to base 8
244612
Convert 33040331 (base 5) to base 14.
75625
1436241 (base 8) to base 9
682612
4145434 (base 6) to base 9
335434
Convert -63922 (base 12) to base 10.
-130922
Convert 1301704 (base 8) to base 11.
227597
What is 10200020 (base 3) in base 7?
10545
Convert -13222232 (base 6) to base 16.
-6b12c
What is -15671100 (base 8) in base 7?
-42612650
What is 1210030320 (base 6) in base 7?
224424354
Convert -27c9932 (base 13) to base 2.
-110000001000010000100000
a6cca2 (base 13) to base 6
215510524
Convert 9855c3 (base 14) to base 12.
188b75b
2db68c (base 15) to base 11
1283585
What is -45660401 (base 7) in base 13?
-a9c8cb
Convert 265cb8 (base 13) to base 2.
11100010010110001100
3061506 (base 7) to base 16
59d4b
Convert -213223110 (base 4) to base 6.
-3252220
What is -424003 (base 7) in base 15?
-16b3a
Convert -771552 (base 8) to base 13.
-90b11
What is -101011011001100011 (base 2) in base 16?
-2b663
What is 25513543 (base 6) in base 3?
1120101021200
1001100011111111110000 (base 2) to base 15
347b0b
126678 (base 9) to base 14
20154
101203333 (base 4) to base 2
10001100011111111
What is -21766225 (base 8) in base 15?
-631966
What is 3537b (base 12) in base 14?
1c023
What is -2150582 (base 9) in base 13?
-315a79
51000355 (base 7) to base 5
2041014201
Convert -39851 (base 12) to base 7.
-446146
What is -239284 (base 14) in base 10?
-1216100
What is -101000010110011111 (base 2) in base 16?
-2859f
Convert -241534 (base 9) to base 3.
-21101121011
What is -613074 (base 9) in base 5?
-43104414
What is -22123333100 (base 4) in base 13?
-74a4a9
2c42cd (base 16) to base 7
33440544
Convert -33b40e (base 16) to base 6.
-200343102
What is -10628 (base 12) in base 6?
-244052
Convert -c7373d (base 14) to base 12.
-2308123
What is -13841 (base 15) in base 14?
-18b63
What is -2264450 (base 9) in base 10?
-1223631
What is 100200221222122 (base 3) in base 5?
2304444312
200149 (base 11) to base 8
1165344
Convert 24913 (base 10) to base 4.
12011101
Convert a9437 (base 12) to base 14.
5b667
-1331213224 (base 6)